5 and 37325.
25
Calculate the highest common divisor of 194667 and 39173871.
11451
Calculate the highest common factor of 418288053 and 279.
93
What is the highest common factor of 869594694 and 894?
894
Calculate the greatest common factor of 8450115 and 730.
365
Calculate the greatest common factor of 527 and 362669.
31
What is the greatest common divisor of 3159838872 and 876?
876
What is the greatest common factor of 220255 and 93775?
155
Calculate the greatest common factor of 270148174 and 1.
1
What is the greatest common divisor of 225 and 82587750?
75
Calculate the greatest common factor of 178020 and 2265885.
1935
What is the highest common factor of 23398970 and 318?
106
What is the greatest common divisor of 1463340 and 2029710?
870
Calculate the highest common divisor of 17382950 and 14300.
650
Calculate the greatest common divisor of 13948 and 5945652.
1268
What is the greatest common factor of 11634384 and 144?
48
Calculate the highest common divisor of 76201193 and 248.
31
What is the highest common factor of 103700448 and 288?
288
What is the highest common factor of 37688 and 1589?
7
Calculate the greatest common factor of 18242 and 1136503963.
9121
What is the highest common divisor of 1250 and 98706875?
625
What is the greatest common factor of 60 and 108022?
2
Calculate the greatest common factor of 190994 and 11926.
178
Calculate the highest common factor of 3175 and 17226280.
635
Calculate the greatest common divisor of 4126661 and 77.
77
What is the highest common divisor of 4495404 and 60?
12
What is the highest common factor of 45 and 157675260?
15
What is the highest common divisor of 9874675 and 1900?
25
Calculate the greatest common factor of 274143 and 165.
3
What is the highest common factor of 368 and 16526604?
92
What is the highest common divisor of 22206 and 126?
6
What is the highest common divisor of 7434 and 84311?
59
Calculate the greatest common divisor of 58665144 and 2976.
744
Calculate the highest common factor of 750 and 80814.
6
What is the greatest common factor of 18336 and 85788?
12
What is the greatest common factor of 1904 and 1906576?
112
What is the greatest common factor of 70000 and 93744?
112
What is the greatest common factor of 11424 and 4109648?
272
What is the highest common divisor of 216 and 3991112?
8
What is the greatest common divisor of 9050644 and 3996?
148
Calculate the greatest common factor of 17 and 2092251540.
17
What is the highest common factor of 4217526 and 5031?
387
Calculate the highest common factor of 481 and 4821803.
37
Calculate the greatest common factor of 156 and 18100524.
156
Calculate the highest common divisor of 82 and 443786378.
82
What is the greatest common divisor of 97650657 and 351?
351
What is the highest common factor of 41238 and 757277?
29
What is the highest common divisor of 901410 and 12570?
30
What is the greatest common factor of 264852 and 12768?
84
What is the greatest common factor of 158061 and 130331?
2773
What is the greatest common factor of 3006 and 10711380?
1002
Calculate the highest common factor of 5209786 and 29731.
2287
What is the highest common divisor of 2405 and 55588?
13
What is the greatest common divisor of 11966209 and 1896?
79
Calculate the highest common factor of 418 and 850687.
19
What is the highest common divisor of 29709 and 5247?
9
What is the highest common factor of 249800 and 5272?
8
Calculate the highest common divisor of 16236735 and 120.
15
Calculate the greatest common factor of 66841308 and 144.
36
What is the greatest common divisor of 131 and 460411290?
131
Calculate the greatest common factor of 7903 and 9016.
7
Calculate the highest common divisor of 45787476 and 294.
42
What is the greatest common divisor of 165184946 and 74?
74
What is the greatest common factor of 444 and 3918078?
222
What is the highest common factor of 30452275 and 350?
175
What is the greatest common factor of 348 and 34351254?
174
What is the highest common factor of 16848 and 4158544?
208
Calculate the greatest common factor of 1388825 and 39572.
761
Calculate the highest common divisor of 1888 and 1547872.
32
What is the greatest common factor of 1335600 and 11592?
504
Calculate the highest common factor of 188 and 16371416.
188
What is the highest common divisor of 185875 and 19375?
125
What is the highest common factor of 4203 and 601963?
467
What is the highest common divisor of 2424825 and 273?
39
What is the greatest common divisor of 128772 and 979461?
441
Calculate the highest common factor of 56240 and 107920.
1520
Calculate the highest common divisor of 72165 and 44727.
51
Calculate the greatest common factor of 18834 and 20770836.
438
Calculate the greatest common divisor of 33725722 and 19.
19
Calculate the greatest common factor of 2255820 and 2100.
420
What is the greatest common divisor of 40015 and 5443?
1
What is the highest common divisor of 325 and 52523575?
325
What is the greatest common factor of 3 and 227178027?
3
What is the greatest common divisor of 1373950 and 150?
50
What is the greatest common divisor of 96 and 6994032?
48
Calculate the greatest common factor of 2158627169 and 6451.
6451
Calculate the highest common divisor of 32930589 and 1165.
233
What is the highest common divisor of 275912 and 14881048?
728
What is the highest common factor of 25197259 and 1702?
851
What is the greatest common divisor of 135912 and 1113?
21
Calculate the greatest common divisor of 12529 and 23986.
67
What is the highest common divisor of 166880 and 84720?
80
Calculate the highest common factor of 694512 and 363368.
424
What is the highest common factor of 726506200 and 1400?
1400
What is the greatest common factor of 28227 and 2006736?
291
What is the greatest common divisor of 26551890 and 11110?
1010
What is the highest common divisor of 1097914 and 6?
2
What is the highest common factor of 197932649 and 153?
17
Calculate the highest common divisor of 687075296 and 472.
472
What is the greatest common divisor of 47072 and 4311501?
1471
Calculate the greatest common factor of 76293 and 247736.
173
Calculate the greatest common factor of 27 and 800529.
3
What is the greatest common factor of 5086 and 309452584?
5086
What is the highest common factor of 502461087 and 122?
61
Calculate the greatest common divisor of 15000 and 109680.
120
Calculate the greatest common factor of 101963095 and 65.
65
What is the highest common divisor of 14391860 and 1360?
340
What is the highest common divisor of 422232 and 73023?
723
Calculate the greatest common divisor of 111 and 39150218.
37
Calculate the greatest common factor of 90874557 and 2529.
2529
Calculate the greatest common factor of 22525 and 79143840.
4505
Calculate the highest common factor of 591220 and 1099210.
2870
What is the greatest common divisor of 95788 and 100854501?
3421
What is the greatest common factor of 67890 and 23214?
438
Calculate the greatest common factor of 2024 and 122139292.
1012
Calculate the highest common factor of 996 and 666156.
12
Calculate the highest common factor of 9715 and 139055.
145
Calculate the greatest common factor of 1643421850 and 350.
350
Calculate the highest common factor of 15941 and 53013893.
839
What is the greatest common factor of 8856 and 13366?
82
What is the greatest common factor of 407 and 1577356?
11
What is the highest common divisor of 77 and 559822417?
77
Calculate the greatest common factor of 9 and 323606223.
9
What is the highest common divisor of 151365 and 10320?
15
What is the highest common factor of 93 and 589802280?
93
Calculate the greatest common divisor of 123 and 247837046.
41
Calculate the greatest common divisor of 1965046 and 2133.
79
What is the greatest common factor of 10 and 17351990?
10
Calculate the greatest common divisor of 248 and 971540.
124
What is the highest common factor of 2772 and 1121428?
308
Calculate the greatest common factor of 25 and 12162725.
25
What is the greatest common divisor of 608 and 3014976?
32
Calculate the highest common factor of 1245608 and 6203496.
6136
Calculate the highest common divisor of 746935321 and 11.
11
Calculate the greatest common factor of 59813424 and 7128.
2376
Calculate the highest common factor of 365486 and 2224346.
898
What is the 